j(s) = 26 - 7*s**f + 17 - 39 + 5*s**2 + 5*s. Is j(-3) a prime number?
True
Let n(i) = 1686*i + 1061. Is n(43) composite?
True
Let o = 319926 - 228419. Is o composite?
True
Let c(k) = -15 + k**2 + 8*k**2 + 13*k**3 + 17*k**2 - 12*k**3 - 17*k. Let l be c(-26). Suppose 3*v = 7*v + u - l, -3*v = -3*u - 309. Is v a composite number?
True
Let z = -100 - -147. Let k = z + -19. Suppose -3*g + 661 = 2*l, -5*l - 3 = -k. Is g a composite number?
True
Let w(c) = 212231*c**3 + 4*c**2 - 14*c + 12. Is w(1) a prime number?
False
Suppose 41 = -16*g - 23. Is g + (115/3)/((-1)/(-123)) a composite number?
True
Let p = -10072 - -14299. Suppose -p = -38*y + 35*y. Is y a composite number?
False
Suppose 0 = 41*b - 271630 - 1070177. Is b a prime number?
False
Is ((-2)/(-11))/(26/17086927) a composite number?
False
Is 2906019/45 + -2 + (-24)/(-30) a prime number?
True
Let f(k) = 20*k - 12*k + 5 - 10*k - 9*k - 11*k. Let u = 1 + -6. Is f(u) a prime number?
False
Is ((-4840)/(-32))/((-2)/(-1424)) + (-41 - -38) a composite number?
False
Let w = 185495 + -68856. Is w a prime number?
True
Let v be 24/(-9)*52980/(-80). Let d = 3507 + v. Is d composite?
False
Let h(q) = -8*q - 20. Let z be h(-3). Suppose -2*u + 129 = k - 1786, 7660 = 4*k + z*u. Is k a prime number?
False
Let p = 625 - 625. Suppose -k = p, -2*l = k - 2072 - 7490. Is l composite?
True
Let a = 94 - -315. Let w = 600 - a. Is w prime?
True
Let r(q) be the third derivative of 181*q**6/120 + 7*q**5/120 - q**4/12 + 13*q**2. Let j(h) be the second derivative of r(h). Is j(2) a composite number?
False
Suppose 12*h - 13*h = 1. Suppose -32 = 4*g + 4*g. Is (-3670)/5*g + h a composite number?
True
Suppose 127662 = 5*t + 4*m - 917427, 0 = 2*t - 5*m - 418062. Is t composite?
False
Suppose 28*w - 25*w - 4*z = 288439, -10*w - 2*z + 961540 = 0. Is w a prime number?
False
Let d(a) = -a**3 - a**2 - 3*a - 2. Let z be d(-3). Let l be z/5*(-18708)/(-15). Suppose 2*y = 6*y - l. Is y a prime number?
True
Let j(i) = 228*i - 27 - 64*i - 52 - 44*i. Is j(12) a prime number?
True
Is 351207/(-45)*-5 - (2 + 2) composite?
False
Let k(g) = 106*g**2 + 29*g - 1208. Is k(-43) composite?
True
Let f(t) = 77 + 16*t - 58*t + 20*t + 77*t**2 + 19*t. Is f(-10) a prime number?
False
Suppose -5*v + 57377 = r - 284381, 5*v + 5*r - 341770 = 0. Is v a composite number?
False
Let s = -26056 - -57774. Is s prime?
False
Let t(w) = 248*w + 6. Suppose 0 = u, v - 2*v = u. Suppose 4*j = -2*d - 3*d + 5, d - 4*j - 1 = v. Is t(d) a prime number?
False
Suppose -189687 + 14845 = -2*j. Is j composite?
False
Suppose -5 = k, 2*a - 22 = 5*k - 3. Is (68220 + a)*5/15 a prime number?
True
Let n = 20129 + -18067. Is n a composite number?
True
Let l be (-82734)/(-30) + 1/5. Suppose 6*s - 80 = l. Is s a prime number?
False
Suppose -4*i = -4*h + 212, i + 21 = -5*h - 2. Suppose -3*p + 54 = 3*f, -3*f = 4*p - 13 - 58. Let q = p - i. Is q composite?
True
Let r(x) = -2*x**2 - 22*x - 6. Let c = -1 + -10. Let u be r(c). Is (1*3)/((-86925)/(-14485) + u) composite?
False
Suppose 5*h - x - 27 = 0, -5 = -2*h + 3*h + 5*x. Let f(v) = -44*v**2 - 6. Let k be f(h). Let b = k + 1983. Is b a prime number?
True
Is 1058295 - ((-60)/28)/((-3)/14) a composite number?
True
Suppose -5*u + 375309 = 4*r, -5*r + 87530 = u + 12485. Is u composite?
True
Let j(o) = 2490*o - 139. Is j(52) prime?
True
Let h = -47 + 49. Suppose -u + 12 = h*u. Suppose -1007 = -u*y + 1865. Is y a prime number?
False
Let i(h) = -h**2 - 7*h - 10. Let y(f) = 2*f**2 + 14*f + 21. Let o(g) = 13*i(g) + 6*y(g). Let p be o(-6). Suppose p*z = -3*z + 4315. Is z prime?
True
Suppose -4*q = 1562 + 10794. Suppose a - 8*x + 3*x - 5533 = 0, 2*a - 11102 = -2*x. Let v = a + q. Is v a composite number?
False
Suppose 2287214 + 6243223 = 213*k. Is k a prime number?
False
Is (20/20)/(567916/(-1703766) + 2/6) a composite number?
False
Let q be (-20)/(4/40*-4) + 1. Suppose -1994454 - 665553 = -q*m. Is m a prime number?
False
Let c be 25/(-40) - -1 - 26/(-16). Let u be 98/8 + 1/(-4). Suppose c*a - u*a = -5530. Is a a composite number?
True
Let f = -170 - -180. Suppose 2*u - f*u = -2696. Is u a prime number?
True
Let a(i) = 1262*i**2 - 33*i + 272. Is a(7) a composite number?
False
Let o = 30579 + -16799. Is o/1 - (-1 - 0) prime?
True
Suppose -5*r + 7935 = 5*g - 23925, -3*g - 9 = 0. Suppose r = 17*b - 16762. Is b a composite number?
False
Suppose 4*f - 12 = 0, 0 = -3*m - f + 12. Suppose 0 = 5*u + 4*v - 39957, 5*v + m = -7. Is u a composite number?
False
Suppose -5*r + 2*j = 64, -24 + 41 = -r - j. Let m(c) = -229*c + 165. Is m(r) a composite number?
False
Let q(j) = 21 - j - 31*j**3 + 4 - 10 - 7*j**2. Let s be q(5). Is 8/(-24) + s/(-6) composite?
False
Let o = 20725 + 13302. Is o a composite number?
True
Let d = 23294 - -11423. Is d a composite number?
True
Is 86398/8 - (4 + (-91)/28) a composite number?
False
Let j(c) = 320*c - 243. Let z be j(22). Let g = z - -6494. Is g prime?
True
Suppose 2*a - 3*a - 290340 + 1021367 = 0. Is a a prime number?
False
Let x = 4509 + -566. Is x composite?
False
Let f = -418 + 414. Is (-11234)/(-4) + (f - (-9)/2) a prime number?
False
Let s = -1330750 + 1924071. Is s composite?
False
Let z be (-2)/(-2) + (-5)/(1 + -6). Suppose -5*w - 24 = -z*o, 4*w + 26 = -2*o + 7*o. Is (-59)/(-2*o/4) a composite number?
False
Let j = 138570 + 52139. Is j a prime number?
True
Let h = -278393 + 718396. Is h a composite number?
True
Let p(q) = 411*q**3 - 49*q**2 + 81*q + 30. Is p(7) a composite number?
False
Let f(c) = 46*c**2 - 42*c - 9. Is f(-32) a prime number?
False
Let k be 2782/(-6) - 2/6. Let s = -7418 - -7495. Let c = s - k. Is c a composite number?
False
Let h(q) = -3*q + 22. Let p be h(6). Suppose f = -p*v + 12623, -3*v - 7617 = f - 20237. Is f composite?
False
Let a(u) = 28*u**2 - 165*u - 1022. Is a(-51) a prime number?
True
Suppose 2*y = 3*o - 22, -2 = -3*y - 17. Suppose 5*m + 10 = 0, -o*n - 196 = -7*n - 4*m. Let d = 139 - n. Is d prime?
True
Suppose -13*g + 78023 = -110516. Suppose 0 = -21*x + 24200 + g. Is x a prime number?
False
Let k be 1*1/1 - -2. Suppose -5*u - 22 = -47. Suppose u*i - 4*p = 3557, k*i - p = 1229 + 901. Is i prime?
True
Let w(s) = 160*s - 13 - 19*s**2 - s**3 - 3 - 147*s. Is w(-23) prime?
True
Suppose -s - 5*v - 14 = 0, -4*v + 14 = -3*s - 5*v. Is 2*((s - -3) + 4917/6) prime?
True
Let t be (0 + 5)/5 - -9181. Is t/((-8)/10*(-15)/6) a prime number?
True
Suppose 0 = 2*j - t + 267, 3*j + 5*t - 50 + 431 = 0. Is j/(-352) + (-2 - 15157/(-8)) prime?
False
Let r(k) = -3469*k - 1. Let y be r(-3). Suppose -29*f = -199515 + y. Is f a composite number?
False
Suppose -57*h + 61*h = 194976. Let q = -6277 + h. Is q composite?
False
Let d be -1 - -18 - (70/(-10) - -3). Suppose -55012 + 307 = -d*s. Is s a prime number?
False
Let c(q) = 158*q**2 - 44*q + 647. Is c(42) prime?
False
Let q = 31041 + 51940. Is q a composite number?
False
Suppose -21*w - 1724936 = -2*f - 18*w, 1724938 = 2*f - 2*w. Is f composite?
False
Let l(u) = -4*u**3 + 2*u**2 - 6*u + 9. Let r be l(6). Let v(z) = z**3 + 14*z**2 + 12*z + 24. Let p be v(14). Let s = r + p. Is s a prime number?
True
Let a be (-1 + 1)/1 + 4. Let v = 10428 + -10420. Suppose -a*y + 3*n = -11131, 3*y - v*y + 13928 = n. Is y composite?
True
Let u(h) = -45*h**3 + h**2 + h + 1. Let a be u(-1). Let g = a + -46. Suppose g = -0*i - 3*i + 399. Is i a prime number?
False
Let a(f) = -4*f**3 - 21*f**2 - 22*f + 14. Let c be a(-14). Suppose 3*v - 5*h - 21563 = 0, -2*v + 3*v - c = -4*h. Is v a prime number?
False
Suppose 3*x - 39689 = -2*n + 11177, 0 = -4*n + 4*x + 101752. Let d = 89 + -24. Is n/52 - 10/d a prime number?
False
Let x(w) = 145*w**3 - 18*w**2 + 15*w - 9. Is x(7) prime?
False
Let k(u) = 1124*u**3 + 75*u**2 + 2*u - 5. Is k(6) composite?
True
Let w(p) = 2*p**2 + 2*p - 8. Let i be w(-3). Suppose i*v - 22588 = -4*l, 5*v - 3*l = l + 28244. Suppose 12*g - v = 4*g. Is g a composite number?
True
Let a = 150732 + -225525. Is (-1 + a/12)/(27/(-108)) composite?
True
Suppose -5*w + n = -584225, -36*n = -34*n. Is w prime?
False
Let h(o) = -780*o**3 - o**2 + 43*o + 119. Is h(-3) a composite number?
True
Let u(j) = -3*j**3 + 5*j**2 - 2*j - 5. Let b be u(-5). Suppose -26*k = -4*k. Suppose -1 = -h, -2*w + k*h = -h - b. Is w a composite number?
True
Let p be (-1602)/((-5)/((-20)/(-6))). Let o(h) = -h**3 + 7*